3, 11, 31
What are the prime factors of 59396?
2, 31, 479
List the prime factors of 2239.
2239
List the prime factors of 483.
3, 7, 23
What are the prime factors of 495?
3, 5, 11
What are the prime factors of 118622?
2, 7, 37, 229
What are the prime factors of 8770?
2, 5, 877
List the prime factors of 3060.
2, 3, 5, 17
List the prime factors of 20346.
2, 3, 3391
What are the prime factors of 286?
2, 11, 13
What are the prime factors of 3084?
2, 3, 257
What are the prime factors of 32631?
3, 73, 149
List the prime factors of 1499.
1499
List the prime factors of 68257.
7, 199
What are the prime factors of 1018?
2, 509
List the prime factors of 5.
5
What are the prime factors of 34?
2, 17
What are the prime factors of 7678?
2, 11, 349
List the prime factors of 103.
103
List the prime factors of 701.
701
What are the prime factors of 8843?
37, 239
List the prime factors of 10310.
2, 5, 1031
What are the prime factors of 7363?
37, 199
List the prime factors of 1156.
2, 17
List the prime factors of 164.
2, 41
What are the prime factors of 96573?
3, 32191
List the prime factors of 1602.
2, 3, 89
What are the prime factors of 463?
463
List the prime factors of 770.
2, 5, 7, 11
What are the prime factors of 17056?
2, 13, 41
List the prime factors of 1685.
5, 337
List the prime factors of 124580.
2, 5, 6229
What are the prime factors of 920?
2, 5, 23
What are the prime factors of 7714?
2, 7, 19, 29
List the prime factors of 1131.
3, 13, 29
What are the prime factors of 21283?
21283
What are the prime factors of 11633?
11633
List the prime factors of 35476.
2, 7, 181
List the prime factors of 2106.
2, 3, 13
List the prime factors of 779.
19, 41
What are the prime factors of 395?
5, 79
List the prime factors of 5817.
3, 7, 277
List the prime factors of 40277.
40277
What are the prime factors of 47895?
3, 5, 31, 103
What are the prime factors of 10446?
2, 3, 1741
List the prime factors of 169687.
7, 3463
What are the prime factors of 29655?
3, 5, 659
What are the prime factors of 141904?
2, 7, 181
What are the prime factors of 347?
347
What are the prime factors of 7181?
43, 167
List the prime factors of 409.
409
List the prime factors of 15899.
13, 1223
What are the prime factors of 559?
13, 43
What are the prime factors of 1292?
2, 17, 19
What are the prime factors of 3687?
3, 1229
What are the prime factors of 806?
2, 13, 31
List the prime factors of 16667.
7, 2381
What are the prime factors of 8936?
2, 1117
What are the prime factors of 25016?
2, 53, 59
What are the prime factors of 136?
2, 17
What are the prime factors of 59471?
59471
What are the prime factors of 53504?
2, 11, 19
What are the prime factors of 7295?
5, 1459
List the prime factors of 131.
131
What are the prime factors of 107?
107
List the prime factors of 83058.
2, 3, 109, 127
List the prime factors of 3166.
2, 1583
List the prime factors of 108811.
233, 467
What are the prime factors of 3766?
2, 7, 269
List the prime factors of 5364.
2, 3, 149
List the prime factors of 13627.
13627
What are the prime factors of 5888?
2, 23
List the prime factors of 607.
607
List the prime factors of 13469.
13469
What are the prime factors of 600?
2, 3, 5
What are the prime factors of 36810?
2, 3, 5, 409
List the prime factors of 91674.
2, 3, 11, 463
What are the prime factors of 2699?
2699
What are the prime factors of 229?
229
List the prime factors of 9538.
2, 19, 251
List the prime factors of 251.
251
List the prime factors of 954.
2, 3, 53
What are the prime factors of 1681?
41
What are the prime factors of 36381?
3, 67, 181
List the prime factors of 14609.
7, 2087
What are the prime factors of 439?
439
List the prime factors of 1333.
31, 43
List the prime factors of 13558.
2, 6779
List the prime factors of 6423.
3, 2141
What are the prime factors of 3700?
2, 5, 37
What are the prime factors of 11951?
17, 19, 37
What are the prime factors of 21888?
2, 3, 19
List the prime factors of 1137.
3, 379
List the prime factors of 3097.
19, 163
List the prime factors of 37124.
2, 9281
What are the prime factors of 118?
2, 59
What are the prime factors of 24794?
2, 7, 11, 23
List the prime factors of 968.
2, 11
List the prime factors of 20074.
2, 10037
What are the prime factors of 1673?
7, 239
List the prime factors of 180967.
37, 67, 73
What are the prime factors of 70?
2, 5, 7
What are the prime factors of 1209?
3, 13, 31
List the prime factors of 3169.
3169
What are the prime factors of 167?
167
List the prime factors of 14917.
7, 2131
List the prime factors of 992.
2, 31
What are the prime factors of 15805?
5, 29, 109
List the prime factors of 3796.
2, 13, 73
List the prime factors of 10875.
3, 5, 29
List the prime factors of 3507.
3, 7, 167
What are the prime factors of 1614?
2, 3, 269
What are the prime factors of 2873?
13, 17
What are the prime factors of 2242?
2, 19, 59
What are the prime factors of 1180?
2, 5, 59
What are the prime factors of 25986?
2, 3, 61, 71
List the prime factors of 50369.
11, 19, 241
What are the prime factors of 6923?
7, 23, 43
List the prime factors of 4398.
2, 3, 733
List the prime factors of 18838.
2, 9419
What are the prime factors of 7491?
3, 11, 227
What are the prime factors of 10980?
2, 3, 5, 61
What are the prime factors of 5960?
2, 5, 149
What are the prime factors of 867?
3, 17
List the prime factors of 10187.
61, 167
What are the prime factors of 43068?
2, 3, 37, 97
What are the prime factors of 27432?
2, 3, 127
List the prime factors of 57575.
5, 7, 47
List the prime factors of 1570.
2, 5, 157
What are the prime factors of 1295?
5, 7, 37
List the prime factors of 10903.
10903
List the prime factors of 500.
2, 5
List the prime factors of 1184.
2, 37
List the prime factors of 1220.
2, 5, 61
What are the prime factors of 217?
7, 31
List the prime factors of 14726.
2, 37, 199
What are the prime factors of 463?
463
List the prime factors of 257.
257
List the prime factors of 11823.
3, 7, 563
What are the prime factors of 19542?
2, 3, 3257
List the prime factors of 1087.
1087
What are the prime factors of 1166?
2, 11, 53
What are the prime factors of 938?
2, 7, 67
List the prime factors of 9682.
2, 47, 103
What are the prime factors of 73220?
2, 5, 7, 523
List the prime factors of 110547.
3, 71, 173
What are the prime factors of 10650?
2, 3, 5, 71
List the prime factors of 3956.
2, 23, 43
What are the prime factors of 16511?
11, 19, 79
What are the prime factors of 1313?
13, 101
What are the prime factors of 40167?
3, 4463
What are the prime factors of 7492?
2, 1873
List the prime factors of 55245.
3, 5, 29, 127
List the prime factors of 4692.
2, 3, 17, 23
What are the prime factors of 862?
2, 431
What are the prime factors of 10237?
29, 353
What are the prime factors of 181920?
2, 3, 5, 379
What are the prime factors of 422?
2, 211
List the prime factors of 25469.
25469
What are the prime factors of 420?
2, 3, 5, 7
List the prime factors of 87.
3, 29
What are the prime factors of 15833?
71, 223
What are the prime factors of 5447?
13, 419
What are the prime factors of 16357?
11, 1487
List the prime factors of 11491.
11491
What are the prime factors of 3438?
2, 3, 191
List the prime factors of 3494.
2, 1747
What are the prime factors of 79080?
2, 3, 5, 659
What are the prime factors of 12016?
2, 751
List the prime factors of 3525.
3, 5, 47
List the prime factors of 733.
733
What are the prime factors of 97981?
13, 7537
List the prime factors of 94546.
2, 41, 1153
What are the prime factors of 1196?
2, 13, 23
List the prime factors of 391.
17, 23
What are the prime factors of 36392?
2, 4549
List the prime factors of 4100.
2, 5, 41
List the prime factors of 442.
2, 13, 17
List the prime factors of 3607.
3607
List the prime factors of 8897.
7, 31, 41
What are the prime factors of 8376?
2, 3, 349
What are the prime factors of 524?
2, 131
List the prime factors of 53492.
2, 43, 311
What are the prime factors of 5619?
3, 1873
What are the prime factors of 887?
887
What are the prime factors of 5250?
2, 3, 5, 7
List the prime factors of 510.
2, 3, 5, 17
What are the prime factors of 2634?
2, 3, 439
List the prime factors of 1481.
1481
What are the prime factors of 2315?
5, 463
What are the prime factors of 808?
2, 101
List the prime factors of 16888.
2, 2111
List the pr